{"id":957,"date":"2024-05-15T18:13:37","date_gmt":"2024-05-15T21:13:37","guid":{"rendered":"https:\/\/sceu.frba.utn.edu.ar\/asat\/centros-2\/"},"modified":"2025-05-15T13:28:43","modified_gmt":"2025-05-15T16:28:43","slug":"centros","status":"publish","type":"page","link":"https:\/\/sceu.frba.utn.edu.ar\/servicios-estrategicos\/centros\/","title":{"rendered":"Centros"},"content":{"rendered":"\t\t<div data-elementor-type=\"wp-page\" data-elementor-id=\"957\" class=\"elementor elementor-957\">\n\t\t\t\t\t\t<section class=\"elementor-section elementor-top-section elementor-element elementor-element-72803e22 elementor-section-full_width elementor-section-height-min-height elementor-section-stretched elementor-section-height-default elementor-section-items-middle wpr-particle-no wpr-jarallax-no wpr-parallax-no wpr-sticky-section-no\" data-id=\"72803e22\" data-element_type=\"section\" data-settings=\"{&quot;background_background&quot;:&quot;classic&quot;,&quot;stretch_section&quot;:&quot;section-stretched&quot;}\">\n\t\t\t\t\t\t\t<div class=\"elementor-background-overlay\"><\/div>\n\t\t\t\t\t\t\t<div class=\"elementor-container elementor-column-gap-no\">\n\t\t\t\t\t<div class=\"elementor-column elementor-col-100 elementor-top-column elementor-element elementor-element-6b488042\" data-id=\"6b488042\" data-element_type=\"column\">\n\t\t\t<div class=\"elementor-widget-wrap elementor-element-populated\">\n\t\t\t\t\t\t<div class=\"elementor-element elementor-element-5dbfb87 elementor-widget-mobile__width-initial elementor-widget-tablet__width-initial elementor-widget elementor-widget-heading\" data-id=\"5dbfb87\" data-element_type=\"widget\" data-widget_type=\"heading.default\">\n\t\t\t\t<div class=\"elementor-widget-container\">\n\t\t\t\t\t<h2 class=\"elementor-heading-title elementor-size-default\">Centros de Servicios<\/h2>\t\t\t\t<\/div>\n\t\t\t\t<\/div>\n\t\t\t\t<div class=\"elementor-element elementor-element-e00ddb9 elementor-widget-mobile__width-initial elementor-widget elementor-widget-text-editor\" data-id=\"e00ddb9\" data-element_type=\"widget\" data-widget_type=\"text-editor.default\">\n\t\t\t\t<div class=\"elementor-widget-container\">\n\t\t\t\t\t\t\t\t\t<p>Ofrecemos servicios personalizados, basados en la experiencia, la profesionalidad y la \u00e9tica.<\/p>\t\t\t\t\t\t\t\t<\/div>\n\t\t\t\t<\/div>\n\t\t\t\t\t<\/div>\n\t\t<\/div>\n\t\t\t\t\t<\/div>\n\t\t<\/section>\n\t\t\t\t<section class=\"elementor-section elementor-top-section elementor-element elementor-element-2009c8f6 elementor-section-full_width elementor-section-stretched elementor-section-height-default elementor-section-height-default wpr-particle-no wpr-jarallax-no wpr-parallax-no wpr-sticky-section-no\" data-id=\"2009c8f6\" data-element_type=\"section\" data-settings=\"{&quot;background_background&quot;:&quot;classic&quot;,&quot;stretch_section&quot;:&quot;section-stretched&quot;}\">\n\t\t\t\t\t\t<div class=\"elementor-container elementor-column-gap-no\">\n\t\t\t\t\t<div class=\"elementor-column elementor-col-100 elementor-top-column elementor-element elementor-element-17a77899\" data-id=\"17a77899\" data-element_type=\"column\">\n\t\t\t<div class=\"elementor-widget-wrap elementor-element-populated\">\n\t\t\t\t\t\t<section class=\"elementor-section elementor-inner-section elementor-element elementor-element-23f68ded elementor-section-boxed elementor-section-height-default elementor-section-height-default wpr-particle-no wpr-jarallax-no wpr-parallax-no wpr-sticky-section-no\" data-id=\"23f68ded\" data-element_type=\"section\">\n\t\t\t\t\t\t<div class=\"elementor-container elementor-column-gap-wide\">\n\t\t\t\t\t<div class=\"elementor-column elementor-col-50 elementor-inner-column elementor-element elementor-element-5533a233\" data-id=\"5533a233\" data-element_type=\"column\">\n\t\t\t<div class=\"elementor-widget-wrap elementor-element-populated\">\n\t\t\t\t\t\t<div class=\"elementor-element elementor-element-4cf33ee0 eael-infobox-hover-img-shape-radius eael-infobox-content-align--left elementor-widget-mobile__width-initial eael-infobox-shape-square elementor-invisible elementor-widget elementor-widget-eael-info-box\" data-id=\"4cf33ee0\" data-element_type=\"widget\" data-settings=\"{&quot;_animation&quot;:&quot;fadeInLeft&quot;}\" data-widget_type=\"eael-info-box.default\">\n\t\t\t\t<div class=\"elementor-widget-container\">\n\t\t\t\t\t        <div class=\"eael-infobox icon-on-top\">\n\t            <div class=\"infobox-icon\">\n\n                            <img decoding=\"async\" src=\"https:\/\/sceu.frba.utn.edu.ar\/servicios-estrategicos\/wp-content\/uploads\/sites\/602\/2024\/05\/inteligencia_artificial-fondo_blanco-1.png\" alt=\"\">\n            \n            \n            \n        <\/div>\n            <div class=\"infobox-content\">\n                    <div class=\"infobox-title-section\">\n                <h2 class=\"title\">\u00bfQuienes somos?<\/h2>            <\/div>\n            <div><p>Somos especialistas en Inteligencia Artificial, estamos dedicados a asistir a las organizaciones en su proceso de capacitaci\u00f3n, implementaci\u00f3n y adopci\u00f3n efectiva de soluciones basadas en IA.<\/p><\/div>        <div class=\"infobox-button\">\n            <a class=\"eael-infobox-button\" href=\"https:\/\/sceu.frba.utn.edu.ar\/servicios-estrategicos\/centro-de-inteligencia-artificial\/?utm_campaign=IA\">\n                                                                            <svg aria-hidden=\"true\" class=\"eael_infobox_button_icon_left e-font-icon-svg e-fas-plus-circle\" viewBox=\"0 0 512 512\" xmlns=\"http:\/\/www.w3.org\/2000\/svg\"><path d=\"M256 8C119 8 8 119 8 256s111 248 248 248 248-111 248-248S393 8 256 8zm144 276c0 6.6-5.4 12-12 12h-92v92c0 6.6-5.4 12-12 12h-56c-6.6 0-12-5.4-12-12v-92h-92c-6.6 0-12-5.4-12-12v-56c0-6.6 5.4-12 12-12h92v-92c0-6.6 5.4-12 12-12h56c6.6 0 12 5.4 12 12v92h92c6.6 0 12 5.4 12 12v56z\"><\/path><\/svg>                                                    <span class=\"infobox-button-text\">Info<\/span>\n                            <\/a>\n        <\/div>\n            <\/div>\n            <\/div>\n\n\t\t\t\t\t\t<\/div>\n\t\t\t\t<\/div>\n\t\t\t\t\t<\/div>\n\t\t<\/div>\n\t\t\t\t<div class=\"elementor-column elementor-col-50 elementor-inner-column elementor-element elementor-element-1bda3d57\" data-id=\"1bda3d57\" data-element_type=\"column\">\n\t\t\t<div class=\"elementor-widget-wrap elementor-element-populated\">\n\t\t\t\t\t\t<div class=\"elementor-element elementor-element-4bf36cc eael-infobox-hover-img-shape-radius eael-infobox-content-align--left elementor-widget-mobile__width-initial eael-infobox-shape-square elementor-invisible elementor-widget elementor-widget-eael-info-box\" data-id=\"4bf36cc\" data-element_type=\"widget\" data-settings=\"{&quot;_animation&quot;:&quot;fadeInRight&quot;}\" data-widget_type=\"eael-info-box.default\">\n\t\t\t\t<div class=\"elementor-widget-container\">\n\t\t\t\t\t        <div class=\"eael-infobox icon-on-top\">\n\t            <div class=\"infobox-icon\">\n\n                            <img decoding=\"async\" src=\"https:\/\/sceu.frba.utn.edu.ar\/servicios-estrategicos\/wp-content\/uploads\/sites\/602\/2024\/05\/transicion_energetica_sustentabilidad-fondo_blanco-1.png\" alt=\"\">\n            \n            \n            \n        <\/div>\n            <div class=\"infobox-content\">\n                    <div class=\"infobox-title-section\">\n                <h2 class=\"title\">\u00bfQuienes somos?<\/h2>            <\/div>\n            <div><p>Somos un equipo de profesionales altamente calificados, portadores de m\u00e1s de diez a\u00f1os de experiencia en el sector de la eficiencia energ\u00e9tica y las energ\u00edas renovables.<\/p><\/div>        <div class=\"infobox-button\">\n            <a class=\"eael-infobox-button\" href=\"https:\/\/sceu.frba.utn.edu.ar\/servicios-estrategicos\/centro-de-transicion-energetica-y-sustentabilidad\/?utm_campaign=TES\">\n                                                                            <svg aria-hidden=\"true\" class=\"eael_infobox_button_icon_left e-font-icon-svg e-fas-plus-circle\" viewBox=\"0 0 512 512\" xmlns=\"http:\/\/www.w3.org\/2000\/svg\"><path d=\"M256 8C119 8 8 119 8 256s111 248 248 248 248-111 248-248S393 8 256 8zm144 276c0 6.6-5.4 12-12 12h-92v92c0 6.6-5.4 12-12 12h-56c-6.6 0-12-5.4-12-12v-92h-92c-6.6 0-12-5.4-12-12v-56c0-6.6 5.4-12 12-12h92v-92c0-6.6 5.4-12 12-12h56c6.6 0 12 5.4 12 12v92h92c6.6 0 12 5.4 12 12v56z\"><\/path><\/svg>                                                    <span class=\"infobox-button-text\">Info<\/span>\n                            <\/a>\n        <\/div>\n            <\/div>\n            <\/div>\n\n\t\t\t\t\t\t<\/div>\n\t\t\t\t<\/div>\n\t\t\t\t\t<\/div>\n\t\t<\/div>\n\t\t\t\t\t<\/div>\n\t\t<\/section>\n\t\t\t\t<section class=\"elementor-section elementor-inner-section elementor-element elementor-element-3d5e09c5 elementor-section-boxed elementor-section-height-default elementor-section-height-default wpr-particle-no wpr-jarallax-no wpr-parallax-no wpr-sticky-section-no\" data-id=\"3d5e09c5\" data-element_type=\"section\">\n\t\t\t\t\t\t<div class=\"elementor-container elementor-column-gap-wide\">\n\t\t\t\t\t<div class=\"elementor-column elementor-col-50 elementor-inner-column elementor-element elementor-element-3d5ffd12\" data-id=\"3d5ffd12\" data-element_type=\"column\">\n\t\t\t<div class=\"elementor-widget-wrap elementor-element-populated\">\n\t\t\t\t\t\t<div class=\"elementor-element elementor-element-61b3ba43 eael-infobox-hover-img-shape-radius eael-infobox-content-align--left elementor-widget-mobile__width-initial eael-infobox-shape-square elementor-invisible elementor-widget elementor-widget-eael-info-box\" data-id=\"61b3ba43\" data-element_type=\"widget\" data-settings=\"{&quot;_animation&quot;:&quot;fadeInLeft&quot;}\" data-widget_type=\"eael-info-box.default\">\n\t\t\t\t<div class=\"elementor-widget-container\">\n\t\t\t\t\t        <div class=\"eael-infobox icon-on-top\">\n\t            <div class=\"infobox-icon\">\n\n                            <img decoding=\"async\" src=\"https:\/\/sceu.frba.utn.edu.ar\/servicios-estrategicos\/wp-content\/uploads\/sites\/602\/2024\/05\/auditorias_certificaciones_mecanicas-fondo_blanco.png\" alt=\"\">\n            \n            \n            \n        <\/div>\n            <div class=\"infobox-content\">\n                    <div class=\"infobox-title-section\">\n                <h2 class=\"title\">\u00bfQuienes somos?<\/h2>            <\/div>\n            <div><p>Somos expertos en el \u00e1mbito de las auditor\u00edas para instalaciones de almacenamiento de hidrocarburos, contando con una amplia experiencia y credenciales en Seguridad T\u00e9cnica, Ambiental y Medici\u00f3n.<\/p><\/div>        <div class=\"infobox-button\">\n            <a class=\"eael-infobox-button\" href=\"https:\/\/sceu.frba.utn.edu.ar\/servicios-estrategicos\/auditorias-y-certificaciones-mecanicas\/\">\n                                                                            <svg aria-hidden=\"true\" class=\"eael_infobox_button_icon_left e-font-icon-svg e-fas-plus-circle\" viewBox=\"0 0 512 512\" xmlns=\"http:\/\/www.w3.org\/2000\/svg\"><path d=\"M256 8C119 8 8 119 8 256s111 248 248 248 248-111 248-248S393 8 256 8zm144 276c0 6.6-5.4 12-12 12h-92v92c0 6.6-5.4 12-12 12h-56c-6.6 0-12-5.4-12-12v-92h-92c-6.6 0-12-5.4-12-12v-56c0-6.6 5.4-12 12-12h92v-92c0-6.6 5.4-12 12-12h56c6.6 0 12 5.4 12 12v92h92c6.6 0 12 5.4 12 12v56z\"><\/path><\/svg>                                                    <span class=\"infobox-button-text\">Info<\/span>\n                            <\/a>\n        <\/div>\n            <\/div>\n            <\/div>\n\n\t\t\t\t\t\t<\/div>\n\t\t\t\t<\/div>\n\t\t\t\t\t<\/div>\n\t\t<\/div>\n\t\t\t\t<div class=\"elementor-column elementor-col-50 elementor-inner-column elementor-element elementor-element-69680eb6\" data-id=\"69680eb6\" data-element_type=\"column\">\n\t\t\t<div class=\"elementor-widget-wrap elementor-element-populated\">\n\t\t\t\t\t\t<div class=\"elementor-element elementor-element-2cf8ca5 eael-infobox-hover-img-shape-radius eael-infobox-content-align--left elementor-widget-mobile__width-initial eael-infobox-shape-square elementor-invisible elementor-widget elementor-widget-eael-info-box\" data-id=\"2cf8ca5\" data-element_type=\"widget\" data-settings=\"{&quot;_animation&quot;:&quot;fadeInRight&quot;}\" data-widget_type=\"eael-info-box.default\">\n\t\t\t\t<div class=\"elementor-widget-container\">\n\t\t\t\t\t        <div class=\"eael-infobox icon-on-top\">\n\t            <div class=\"infobox-icon\">\n\n                            <img decoding=\"async\" src=\"https:\/\/sceu.frba.utn.edu.ar\/servicios-estrategicos\/wp-content\/uploads\/sites\/602\/2025\/03\/LOGO-CTII.png\" alt=\"\">\n            \n            \n            \n        <\/div>\n            <div class=\"infobox-content\">\n                    <div class=\"infobox-title-section\">\n                <h2 class=\"title\">\u00bfQuienes somos?<\/h2>            <\/div>\n            <div><p>Promovemos la innovaci\u00f3n tecnol\u00f3gica y cient\u00edfica mediante el desarrollo e implementaci\u00f3n de soluciones avanzadas en las \u00e1reas de Internet de las Cosas (IoT) y Sistemas Ciberf\u00edsicos.\u00a0<\/p><\/div>        <div class=\"infobox-button\">\n            <a class=\"eael-infobox-button\" href=\"https:\/\/sceu.frba.utn.edu.ar\/servicios-estrategicos\/centro-de-tecnologias-de-integracion-inteligente\/\">\n                                                                            <svg aria-hidden=\"true\" class=\"eael_infobox_button_icon_left e-font-icon-svg e-fas-plus-circle\" viewBox=\"0 0 512 512\" xmlns=\"http:\/\/www.w3.org\/2000\/svg\"><path d=\"M256 8C119 8 8 119 8 256s111 248 248 248 248-111 248-248S393 8 256 8zm144 276c0 6.6-5.4 12-12 12h-92v92c0 6.6-5.4 12-12 12h-56c-6.6 0-12-5.4-12-12v-92h-92c-6.6 0-12-5.4-12-12v-56c0-6.6 5.4-12 12-12h92v-92c0-6.6 5.4-12 12-12h56c6.6 0 12 5.4 12 12v92h92c6.6 0 12 5.4 12 12v56z\"><\/path><\/svg>                                                    <span class=\"infobox-button-text\">Info<\/span>\n                            <\/a>\n        <\/div>\n            <\/div>\n            <\/div>\n\n\t\t\t\t\t\t<\/div>\n\t\t\t\t<\/div>\n\t\t\t\t\t<\/div>\n\t\t<\/div>\n\t\t\t\t\t<\/div>\n\t\t<\/section>\n\t\t\t\t<section class=\"elementor-section elementor-inner-section elementor-element elementor-element-d1e3890 elementor-section-boxed elementor-section-height-default elementor-section-height-default wpr-particle-no wpr-jarallax-no wpr-parallax-no wpr-sticky-section-no\" data-id=\"d1e3890\" data-element_type=\"section\">\n\t\t\t\t\t\t<div class=\"elementor-container elementor-column-gap-wide\">\n\t\t\t\t\t<div class=\"elementor-column elementor-col-50 elementor-inner-column elementor-element elementor-element-c8cd774\" data-id=\"c8cd774\" data-element_type=\"column\">\n\t\t\t<div class=\"elementor-widget-wrap elementor-element-populated\">\n\t\t\t\t\t\t<div class=\"elementor-element elementor-element-3b4e4fe eael-infobox-hover-img-shape-radius eael-infobox-content-align--left elementor-widget-mobile__width-initial eael-infobox-shape-square elementor-invisible elementor-widget elementor-widget-eael-info-box\" data-id=\"3b4e4fe\" data-element_type=\"widget\" data-settings=\"{&quot;_animation&quot;:&quot;fadeInLeft&quot;}\" data-widget_type=\"eael-info-box.default\">\n\t\t\t\t<div class=\"elementor-widget-container\">\n\t\t\t\t\t        <div class=\"eael-infobox icon-on-top\">\n\t            <div class=\"infobox-icon\">\n\n                            <img decoding=\"async\" src=\"https:\/\/sceu.frba.utn.edu.ar\/servicios-estrategicos\/wp-content\/uploads\/sites\/602\/2024\/12\/tic.png\" alt=\"\">\n            \n            \n            \n        <\/div>\n            <div class=\"infobox-content\">\n                    <div class=\"infobox-title-section\">\n                <h2 class=\"title\">\u00bfQuienes somos?<\/h2>            <\/div>\n            <div><p class=\"elementor-heading-title elementor-size-default\">Ayudamos a las organizaciones a optimizar sus operaciones, fortalecer su seguridad y maximizar el valor de sus recursos tecnol\u00f3gicos con soluciones expertas.<\/p><\/div>        <div class=\"infobox-button\">\n            <a class=\"eael-infobox-button\" href=\"https:\/\/sceu.frba.utn.edu.ar\/servicios-estrategicos\/centro-de-soluciones-tic\/\">\n                                                                            <svg aria-hidden=\"true\" class=\"eael_infobox_button_icon_left e-font-icon-svg e-fas-plus-circle\" viewBox=\"0 0 512 512\" xmlns=\"http:\/\/www.w3.org\/2000\/svg\"><path d=\"M256 8C119 8 8 119 8 256s111 248 248 248 248-111 248-248S393 8 256 8zm144 276c0 6.6-5.4 12-12 12h-92v92c0 6.6-5.4 12-12 12h-56c-6.6 0-12-5.4-12-12v-92h-92c-6.6 0-12-5.4-12-12v-56c0-6.6 5.4-12 12-12h92v-92c0-6.6 5.4-12 12-12h56c6.6 0 12 5.4 12 12v92h92c6.6 0 12 5.4 12 12v56z\"><\/path><\/svg>                                                    <span class=\"infobox-button-text\">Info<\/span>\n                            <\/a>\n        <\/div>\n            <\/div>\n            <\/div>\n\n\t\t\t\t\t\t<\/div>\n\t\t\t\t<\/div>\n\t\t\t\t\t<\/div>\n\t\t<\/div>\n\t\t\t\t<div class=\"elementor-column elementor-col-50 elementor-inner-column elementor-element elementor-element-6d260a0\" data-id=\"6d260a0\" data-element_type=\"column\">\n\t\t\t<div class=\"elementor-widget-wrap elementor-element-populated\">\n\t\t\t\t\t\t<div class=\"elementor-element elementor-element-17425e8 eael-infobox-hover-img-shape-radius eael-infobox-content-align--left elementor-widget-mobile__width-initial eael-infobox-shape-square elementor-invisible elementor-widget elementor-widget-eael-info-box\" data-id=\"17425e8\" data-element_type=\"widget\" data-settings=\"{&quot;_animation&quot;:&quot;fadeInRight&quot;}\" data-widget_type=\"eael-info-box.default\">\n\t\t\t\t<div class=\"elementor-widget-container\">\n\t\t\t\t\t        <div class=\"eael-infobox icon-on-top\">\n\t            <div class=\"infobox-icon\">\n\n                            <img decoding=\"async\" src=\"https:\/\/sceu.frba.utn.edu.ar\/servicios-estrategicos\/wp-content\/uploads\/sites\/602\/2025\/05\/logo-centro-02.png\" alt=\"\">\n            \n            \n            \n        <\/div>\n            <div class=\"infobox-content\">\n                    <div class=\"infobox-title-section\">\n                <h2 class=\"title\">\u00bfQuienes somos?<\/h2>            <\/div>\n            <div><p>Nuestro objetivo es brindar una formaci\u00f3n integral en idiomas con certificaciones internacionales, utilizando metodolog\u00edas innovadoras y recursos tecnol\u00f3gicos de vanguardia.\u00a0<\/p><\/div>        <div class=\"infobox-button\">\n            <a class=\"eael-infobox-button\" href=\"https:\/\/sceu.frba.utn.edu.ar\/servicios-estrategicos\/centro-de-idiomas\/\">\n                                                                            <svg aria-hidden=\"true\" class=\"eael_infobox_button_icon_left e-font-icon-svg e-fas-plus-circle\" viewBox=\"0 0 512 512\" xmlns=\"http:\/\/www.w3.org\/2000\/svg\"><path d=\"M256 8C119 8 8 119 8 256s111 248 248 248 248-111 248-248S393 8 256 8zm144 276c0 6.6-5.4 12-12 12h-92v92c0 6.6-5.4 12-12 12h-56c-6.6 0-12-5.4-12-12v-92h-92c-6.6 0-12-5.4-12-12v-56c0-6.6 5.4-12 12-12h92v-92c0-6.6 5.4-12 12-12h56c6.6 0 12 5.4 12 12v92h92c6.6 0 12 5.4 12 12v56z\"><\/path><\/svg>                                                    <span class=\"infobox-button-text\">Info<\/span>\n                            <\/a>\n        <\/div>\n            <\/div>\n            <\/div>\n\n\t\t\t\t\t\t<\/div>\n\t\t\t\t<\/div>\n\t\t\t\t\t<\/div>\n\t\t<\/div>\n\t\t\t\t\t<\/div>\n\t\t<\/section>\n\t\t\t\t<section class=\"elementor-section elementor-inner-section elementor-element elementor-element-371a880 elementor-section-boxed elementor-section-height-default elementor-section-height-default wpr-particle-no wpr-jarallax-no wpr-parallax-no wpr-sticky-section-no\" data-id=\"371a880\" data-element_type=\"section\">\n\t\t\t\t\t\t<div class=\"elementor-container elementor-column-gap-wide\">\n\t\t\t\t\t<div class=\"elementor-column elementor-col-50 elementor-inner-column elementor-element elementor-element-83e5d62\" data-id=\"83e5d62\" data-element_type=\"column\">\n\t\t\t<div class=\"elementor-widget-wrap elementor-element-populated\">\n\t\t\t\t\t\t<div class=\"elementor-element elementor-element-011cc70 eael-infobox-hover-img-shape-radius eael-infobox-content-align--left elementor-widget-mobile__width-initial eael-infobox-shape-square elementor-invisible elementor-widget elementor-widget-eael-info-box\" data-id=\"011cc70\" data-element_type=\"widget\" data-settings=\"{&quot;_animation&quot;:&quot;fadeInLeft&quot;}\" data-widget_type=\"eael-info-box.default\">\n\t\t\t\t<div class=\"elementor-widget-container\">\n\t\t\t\t\t        <div class=\"eael-infobox icon-on-top\">\n\t            <div class=\"infobox-icon\">\n\n                            <img decoding=\"async\" src=\"https:\/\/sceu.frba.utn.edu.ar\/servicios-estrategicos\/wp-content\/uploads\/sites\/602\/2025\/04\/directorios-estrategicos.png\" alt=\"\">\n            \n            \n            \n        <\/div>\n            <div class=\"infobox-content\">\n                    <div class=\"infobox-title-section\">\n                <h2 class=\"title\">\u00bfQuienes somos?<\/h2>            <\/div>\n            <div><p class=\"elementor-heading-title elementor-size-default\">Los Directorios Estrat\u00e9gicos Asociados de la UTN.BA re\u00fanen a due\u00f1os de empresas, CEOs y ejecutivos en grupos colaborativos con el prop\u00f3sito de mejorar su desempe\u00f1o personal y los resultados de sus negocios.<\/p><\/div>        <div class=\"infobox-button\">\n            <a class=\"eael-infobox-button\" href=\"https:\/\/sceu.frba.utn.edu.ar\/servicios-estrategicos\/directorios-estrategicos-asociados\/\">\n                                                                            <svg aria-hidden=\"true\" class=\"eael_infobox_button_icon_left e-font-icon-svg e-fas-plus-circle\" viewBox=\"0 0 512 512\" xmlns=\"http:\/\/www.w3.org\/2000\/svg\"><path d=\"M256 8C119 8 8 119 8 256s111 248 248 248 248-111 248-248S393 8 256 8zm144 276c0 6.6-5.4 12-12 12h-92v92c0 6.6-5.4 12-12 12h-56c-6.6 0-12-5.4-12-12v-92h-92c-6.6 0-12-5.4-12-12v-56c0-6.6 5.4-12 12-12h92v-92c0-6.6 5.4-12 12-12h56c6.6 0 12 5.4 12 12v92h92c6.6 0 12 5.4 12 12v56z\"><\/path><\/svg>                                                    <span class=\"infobox-button-text\">Info<\/span>\n                            <\/a>\n        <\/div>\n            <\/div>\n            <\/div>\n\n\t\t\t\t\t\t<\/div>\n\t\t\t\t<\/div>\n\t\t\t\t\t<\/div>\n\t\t<\/div>\n\t\t\t\t<div class=\"elementor-column elementor-col-50 elementor-inner-column elementor-element elementor-element-8fa6ea1\" data-id=\"8fa6ea1\" data-element_type=\"column\">\n\t\t\t<div class=\"elementor-widget-wrap\">\n\t\t\t\t\t\t\t<\/div>\n\t\t<\/div>\n\t\t\t\t\t<\/div>\n\t\t<\/section>\n\t\t\t\t\t<\/div>\n\t\t<\/div>\n\t\t\t\t\t<\/div>\n\t\t<\/section>\n\t\t\t\t<\/div>\n\t\t","protected":false},"excerpt":{"rendered":"<p>Centros de Servicios Ofrecemos servicios personalizados, basados en la experiencia, la profesionalidad y la \u00e9tica. \u00bfQuienes somos? Somos especialistas en Inteligencia Artificial, estamos dedicados a asistir a las organizaciones en su proceso de capacitaci\u00f3n, implementaci\u00f3n y adopci\u00f3n efectiva de soluciones basadas en IA. Info \u00bfQuienes somos? Somos un equipo de profesionales altamente calificados, portadores de m\u00e1s de diez a\u00f1os de experiencia en el sector de la eficiencia energ\u00e9tica y las energ\u00edas renovables. Info \u00bfQuienes somos? Somos expertos en el \u00e1mbito de las auditor\u00edas para instalaciones de almacenamiento de hidrocarburos, contando con una amplia experiencia y credenciales en Seguridad T\u00e9cnica, Ambiental y Medici\u00f3n. Info \u00bfQuienes somos? Promovemos la innovaci\u00f3n tecnol\u00f3gica y cient\u00edfica mediante el desarrollo e implementaci\u00f3n de soluciones avanzadas en las \u00e1reas de Internet de las Cosas (IoT) y Sistemas Ciberf\u00edsicos.\u00a0 Info \u00bfQuienes somos? Ayudamos a las organizaciones a optimizar sus operaciones, fortalecer su seguridad y maximizar el valor de sus recursos tecnol\u00f3gicos con soluciones expertas. Info \u00bfQuienes somos? Nuestro objetivo es brindar una formaci\u00f3n integral en idiomas con certificaciones internacionales, utilizando metodolog\u00edas innovadoras y recursos tecnol\u00f3gicos de vanguardia.\u00a0 Info \u00bfQuienes somos? Los Directorios Estrat\u00e9gicos Asociados de la UTN.BA re\u00fanen a due\u00f1os de empresas, CEOs y ejecutivos en grupos colaborativos con el prop\u00f3sito de mejorar su desempe\u00f1o personal y los resultados de sus negocios. Info<\/p>\n","protected":false},"author":181,"featured_media":0,"parent":0,"menu_order":0,"comment_status":"closed","ping_status":"closed","template":"","meta":{"_acf_changed":false,"footnotes":""},"class_list":["post-957","page","type-page","status-publish","hentry"],"acf":[],"_links":{"self":[{"href":"https:\/\/sceu.frba.utn.edu.ar\/servicios-estrategicos\/wp-json\/wp\/v2\/pages\/957","targetHints":{"allow":["GET"]}}],"collection":[{"href":"https:\/\/sceu.frba.utn.edu.ar\/servicios-estrategicos\/wp-json\/wp\/v2\/pages"}],"about":[{"href":"https:\/\/sceu.frba.utn.edu.ar\/servicios-estrategicos\/wp-json\/wp\/v2\/types\/page"}],"author":[{"embeddable":true,"href":"https:\/\/sceu.frba.utn.edu.ar\/servicios-estrategicos\/wp-json\/wp\/v2\/users\/181"}],"replies":[{"embeddable":true,"href":"https:\/\/sceu.frba.utn.edu.ar\/servicios-estrategicos\/wp-json\/wp\/v2\/comments?post=957"}],"version-history":[{"count":70,"href":"https:\/\/sceu.frba.utn.edu.ar\/servicios-estrategicos\/wp-json\/wp\/v2\/pages\/957\/revisions"}],"predecessor-version":[{"id":4023,"href":"https:\/\/sceu.frba.utn.edu.ar\/servicios-estrategicos\/wp-json\/wp\/v2\/pages\/957\/revisions\/4023"}],"wp:attachment":[{"href":"https:\/\/sceu.frba.utn.edu.ar\/servicios-estrategicos\/wp-json\/wp\/v2\/media?parent=957"}],"curies":[{"name":"wp","href":"https:\/\/api.w.org\/{rel}","templated":true}]}}